 1. Let l(z) = -3*p(z) - r(z). Determine l(-3).
1
Let i(q) = -q**2 - 6*q + 3. Let s(l) = l**3 + 8*l**2 + 4*l - 5. Let m(x) = -3*x + 14. Let r be m(7). Let w be s(r). Suppose -w = 4*j + 8. What is i(j)?
3
Let l(d) = 2*d - 13. Let f = 31 - 87. Let x = -46 - f. Determine l(x).
7
Let s(m) be the second derivative of m**5/20 - m**3/6 - m**2/2 + 7*m. Suppose -2*d + 23 = 19. Let r be (0 - d)/((-1)/(-1)). Calculate s(r).
-7
Let a(r) = 5*r - 2. Suppose 3*s - 41 + 26 = 0. Give a(s).
23
Let n(v) = -v**3 + 3*v**2 - 3. Let a = -401 - -405. What is n(a)?
-19
Let i(z) = -z**3 - 3*z - 173 + 174 + 2*z**3. Calculate i(2).
3
Let m(r) = 7*r - 4*r - 4*r**2 - 10*r + 5 + 5*r**2 + 21*r. Calculate m(-14).
5
Let v(u) be the second derivative of u**3/6 - 5*u**2/2 - 98*u. What is v(4)?
-1
Let k(a) = 3*a + 9. Suppose -18 = 3*r + 3*r. Let c = -3 + r. Let m be (-21)/c*-2 + 1. What is k(m)?
-9
Let q(y) be the second derivative of -y**3/6 + y**2/2 - 36*y. Suppose n = -v + 4 - 1, 2*v = -2. Determine q(n).
-3
Let b(f) = 5*f - 4. Suppose -5*d - 5*w + 115 = 0, -3*w + 29 + 17 = 2*d. Let g = d + -26. What is b(g)?
-19
Let z(t) be the first derivative of -8 - 3/2*t**2 + 2*t + 1/3*t**3. Determine z(3).
2
Let x = 100 + -93. Let t(c) = 5*c - 8. Let u(h) = 3*h - 5. Let k(a) = x*u(a) - 4*t(a). Give k(5).
2
Let c(a) = -a - 7. Let i = -26 - -2. Let z = -22 - i. Suppose n - 8 = -z. Calculate c(n).
-13
Let u be 5 + 16/6*15. Let k be (u/18)/((-1)/2). Let n(j) = j**2 + 7*j. Calculate n(k).
-10
Let f(g) = 15*g**2 + 6*g - 19. Let h(w) = -29*w**2 - 13*w + 41. Let d(n) = 13*f(n) + 6*h(n). What is d(-1)?
20
Let y(w) = -3*w. Let l(d) = -d. Let z(u) = -4*l(u) - y(u). Give z(-4).
-28
Let m(i) = i**2 - 3*i + 3. Suppose -4 = 2*q - 8. Let u = 4 - q. Give m(u).
1
Let b be (-4 - (2 - 5))*-31. Let h = -37 + b. Let i(g) = -g**3 - 6*g**2 - 6. Determine i(h).
-6
Let v(t) = 5*t**2 + t. Let r be v(-1). Suppose r*b - 24 = 4. Suppose 0 = 5*j - c, 3*j = -b*c + 2*c. Let u(q) = -q**3 - 2. Give u(j).
-2
Suppose 10 = 5*k - 5*q - 0, -1 = 2*k + 3*q. Let m(r) = 9*r - 1. Give m(k).
8
Let k(l) = l**2 + 3 - 2 + 0 - 4*l. Suppose -2*f = 2*w - 56, 5*f - w = 51 + 107. Suppose 4*u + 3*n - f = 0, u - 4*n = -n - 11. Give k(u).
1
Let q(m) = m**2 + 17*m + 32. Let v be q(-15). Suppose 3*u + 2*o + 8 + 2 = 0, -v*u + 3*o = -2. Let k(i) = -i**3 + 1 - i**2 + i + 1 + i. Calculate k(u).
2
Let b = -1158 + 1152. Let p(n) be the second derivative of n**3/6 + 2*n. Give p(b).
-6
Suppose -19*b + 220 = -63*b. Let k(r) = -r**2 - 8*r - 12. Determine k(b).
3
Let b(z) be the third derivative of z**6/120 + 17*z**5/60 - 2*z**4/3 + 6*z**3 - 284*z**2 + 1. Determine b(-18).
0
Let i = -4 + 17. Let n(y) = 15*y - 19. Let w(t) = -7*t + 9. Let k(m) = i*w(m) + 6*n(m). Determine k(-6).
9
Suppose 10*c - 18 = -8*c. Let m(w) = 5*w**3 - 2*w**2 + 2*w - 1. Calculate m(c).
4
Suppose -4*r = 4*b - 4, 11 = -3*b + 4*r + 49. Suppose 3*c = -3*a - 30 + b, -3*c = -5*a - 8. Let l(h) = h**2 + 4*h + 6. Determine l(c).
6
Let j(y) = -y**2 + 5*y - 8. Suppose -86*p = -92*p + 24. Determine j(p).
-4
Let b be (-128)/(-28) + 6/14. Suppose 3*d + b*w + 11 = 0, 2*d - w - 3*w = 22. Let k(i) = i**2 + i + 1. Calculate k(d).
13
Let s(c) = -c - 9. Suppose 5*i + 4*q = 7*q - 101, 0 = -i - 2*q - 15. Calculate s(i).
10
Suppose -10*z = -9*z. Let y(n) = z*n - 5*n - 6 + 6*n + 4. Give y(5).
3
Suppose 4*u = -2*x + 22, 0 = -3*u + 2*x - 3*x + 14. Let a(y) = 0 + 0*y - u + y. What is a(4)?
1
Let s(h) = h**2 + 7*h - 12. Let y(g) = -3*g - 21. Let d be y(-7). Suppose 21*t - 7*t + 126 = d. Give s(t).
6
Let t(y) = 47*y - 2. Let c(b) = 9*b. Let a(k) = 11*c(k) - 2*t(k). Let m = -7 + 14. Suppose 0 = -z + 2*z + 2*q - m, -16 = -3*z - 5*q. What is a(z)?
-11
Let d(p) = 2*p**2 - 5*p - 11*p - 1 - p**2 + 18*p. Calculate d(-4).
7
Let w be (0 - 192/(-20)) + (-2)/(-5). Let v(b) = -3*b - 6. Let o(y) = -4*y - 6. Let u(s) = 4*o(s) - 5*v(s). Give u(w).
-4
Let c(h) = 13*h**2 + h + 1. Suppose 132 = 3*p + 3*p. Suppose 0 = -6*l - 14 - p. Let w = 5 + l. What is c(w)?
13
Suppose -27*v - 36*v = 0. Let z(q) = q**3 + q**2 - 4. What is z(v)?
-4
Suppose 0 = 3*x - x - 10. Let n(b) = 3 + b**3 - 9 + 0*b + 5*b - 4*b**2 - 2*b**2. Give n(x).
-6
Let i(k) = 3*k**2 - 249*k + 248*k + 2 + 0*k**2. Let c = -3 + 5. Give i(c).
12
Let d(z) = 2*z**2 - 1. Let a be 2 + 8*(-2 - -1) + 9. Determine d(a).
17
Let f(h) = 6*h - 38. Let l(s) = -11*s + 74. Let a(b) = 5*f(b) + 3*l(b). Let w be a(10). Let y(m) be the third derivative of m**5/60 - m**4/6 - m**2. Give y(w).
-4
Let u = 197 - 198. Let i(a) = 20*a + 1. What is i(u)?
-19
Let x(f) = -127*f**2 + 387*f**2 - 15 + 12*f - 130*f**2 - 131*f**2 + f. Give x(11).
7
Let w(h) = -27*h - 12. Let d(n) = -5*n - 2. Let g(m) = -11*d(m) + 2*w(m). What is g(-4)?
-6
Let x(d) = -5*d + 1. Let q be (-6)/18 - (-13)/3. Calculate x(q).
-19
Let x(t) = t**2 - t - 4. Let f be x(0). Let b = f + 0. Let h(z) be the third derivative of z**4/24 + z**3/3 + 5*z**2 + 24*z. Calculate h(b).
-2
Let q(w) = -11*w**2 - 8*w - 3. Let r(v) = -10*v**2 - 8*v - 2. Let p(u) = -3*q(u) + 4*r(u). Let k(d) = 3*d**2 + 4*d. Let z(h) = 5*k(h) + 2*p(h). Determine z(-5).
7
Suppose 4*o - q - 5 = 25, -2*q = -5*o + 36. Suppose 0 = 4*u - o + 12. Let s(b) = 7*b - 1. Give s(u).
-8
Let l = -94 + 110. Let g = -18 + l. Let k(b) = b**3 - 4*b - 3. Determine k(g).
-3
Let i(n) be the second derivative of -n**5/20 - 7*n**4/12 - n**3 + 3*n**2 - n. Let w(z) = -2*z + 8. Let t be ((-14)/(-4))/(7/14). Let d be w(t). Calculate i(d).
6
Let g(u) = -u + 0*u - 2*u + u - 2. Let b(i) = -i**2 - 3*i + 3. Let m be b(-5). Give g(m).
12
Let h(y) = 2*y**2 + 93*y**3 + 3*y - 92*y**3 + 4*y**2 - 6. Give h(-5).
4
Suppose -4*y = -9*y. Let g be y/(-3)*(4 - 5). Let k(n) = 2*n + 5. Let a be k(g). Let z(i) = i - 7. What is z(a)?
-2
Let p(j) = 3 - 19*j + 1 + 11*j + 11*j. What is p(-8)?
-20
Suppose -8 = 3*o + 1. Let b(a) be the first derivative of -a**5/60 - a**4/8 - a**3/6 + 6*a**2 + 1. Let w(h) be the second derivative of b(h). Calculate w(o).
-1
Let d(f) be the first derivative of -4 + 2*f + 3/2*f**2 - 1/3*f**3 - 1/4*f**4. Determine d(-2).
0
Let w(p) = -30 - 9*p - 31 + 84 - 23. Give w(-1).
9
Let y = 9 + -7. Let i(n) be the first derivative of n**4/4 - n**3/3 + 3*n**2/2 - 3*n + 13. Determine i(y).
7
Let t(g) be the third derivative of -g**4/24 + 17*g**3/6 + g**2 + 32*g. Determine t(20).
-3
Let c(k) be the third derivative of -k**5/60 - k**4/3 - 3*k**3/2 + k**2 - 33*k. Suppose -4*j - 33 + 9 = 0. What is c(j)?
3
Let c = -402 - -410. Let y(x) = -x**3 + 9*x**2 - 7*x - 3. Give y(c).
5
Suppose 0 = 4*u + 5*p + 31, 5*u - 9*p = -14*p - 35. Let w(x) be the third derivative of x**4/24 + x**3/2 + x**2. Calculate w(u).
-1
Let k(i) = 2*i - 7. Let a(h) = -h + 3. Let q(d) = -7*a(d) - 3*k(d). Calculate q(-3).
-3
Let c(q) = 3*q**3 - 1 + 6*q - 2*q**2 - 4*q - 4*q**3 + 2. Let h be (-5 + -1)/(1 - 2/(-2)). What is c(h)?
4
Let p(h) = -h**2 - 3*h + 2*h**2 - 18*h**3 + 19*h**3 + h + 0*h**2 - 2. Let n be ((-2)/(-1))/(1 + -2). Calculate p(n).
-2
Let s(c) be the second derivative of 1/6*c**4 - 1/2*c**3 - 5/2*c**2 + 0 + 14*c. Calculate s(4).
15
Let g(q) = -3*q**2 + 7*q + 30. Let z(c) = -2*c**2 + 7*c + 24. Let d(x) = 3*g(x) - 4*z(x). Determine d(-11).
-50
Let f be 2/4*(-4 + 4). Suppose 0 = -m - f*m + 2. Suppose 9 = 5*k - m*k. Let b(h) = h**3 - 2*h**2 - 5*h + 3. Calculate b(k).
-3
Let z(m) = 5*m + 4. Let g be 40/(-140) + (-61)/7 - 0. Give z(g).
-41
Let m be -5 - (-3 + -1) - -3. Let t(i) = -5*i**2 - 8*i - 2*i**m + 25*i - 5 + i**3 - 10*i. Let y(h) = h**2 - 6*h + 6. Let g be y(6). What is t(g)?
1
Let n(y) = 16*y**3 + y**2 - 26*y + 20. Let i(v) = -3*v**3 + 5*v - 4. Let a(p) = -11*i(p) - 2*n(p). Let z(m) = -6 - 6 - m + 9. Let f be z(-6). What is a(f)?
4
Suppose -37*x + 66 = -45. Let h(w) = w**3 - 3*w**2 - 4*w - 1. Calculate h(x).
-13
Let a(h) = h**3 + 12*h**2 + 7*h - 11. Let z(s) = -s**3 + 63*s**2 - 124*s + 111. Let l be z(61). Give a(l).
33
Let c = 7 - 6. Let s(d) = -9*d**3 - d**2. Determine s(c).
-10
Suppose -5*a = -6*a - 3. Let z be (-1)/a + 75/45. Let w(u) = -u**2 + 4*u - 3. Give w(z).
1
Let g = 1769 + -1764. Let j(c) = -2*c**2 + 11*c - 8. Determine j(g).
-3
Let u(q) = -q**3 - 14*q**2 - 11*q + 28. Let p be u(-13). Let h(b) = -3 + 1 + p*b**3 + b - 165*b**2 - 3*b**3 + 164*b**2. Let z = -6 - -4. Determine h(z).
0
Let d(z) = -4*z + 4*z - z + 0*